hen 1791 is divided by 101?
74
Calculate the remainder when 730 is divided by 55.
15
Calculate the remainder when 2304 is divided by 2274.
30
Calculate the remainder when 578137 is divided by 38.
5
What is the remainder when 86626 is divided by 92?
54
What is the remainder when 213281 is divided by 53320?
1
Calculate the remainder when 1174 is divided by 28.
26
What is the remainder when 183 is divided by 28?
15
Calculate the remainder when 312335 is divided by 482.
481
What is the remainder when 1014 is divided by 22?
2
Calculate the remainder when 86 is divided by 84.
2
Calculate the remainder when 21149 is divided by 5279.
33
What is the remainder when 6224 is divided by 160?
144
Calculate the remainder when 1151 is divided by 230.
1
Calculate the remainder when 1867 is divided by 55.
52
What is the remainder when 12290 is divided by 20?
10
Calculate the remainder when 46619 is divided by 555.
554
What is the remainder when 1285 is divided by 633?
19
Calculate the remainder when 15095 is divided by 7520.
55
What is the remainder when 766 is divided by 196?
178
What is the remainder when 1172492 is divided by 259?
258
Calculate the remainder when 8574 is divided by 840.
174
Calculate the remainder when 4187 is divided by 65.
27
Calculate the remainder when 19820 is divided by 2477.
4
What is the remainder when 882284 is divided by 528?
524
Calculate the remainder when 2954 is divided by 463.
176
Calculate the remainder when 915160 is divided by 420.
400
What is the remainder when 1133803 is divided by 158?
153
What is the remainder when 3502 is divided by 116?
22
Calculate the remainder when 40995 is divided by 79.
73
Calculate the remainder when 94969 is divided by 224.
217
Calculate the remainder when 174898 is divided by 275.
273
What is the remainder when 415890 is divided by 93?
87
Calculate the remainder when 17379 is divided by 5168.
1875
Calculate the remainder when 152719 is divided by 152717.
2
What is the remainder when 1303679 is divided by 120?
119
Calculate the remainder when 145189 is divided by 4270.
9
Calculate the remainder when 47527 is divided by 1702.
1573
Calculate the remainder when 1084606 is divided by 70.
26
What is the remainder when 2360 is divided by 2246?
114
What is the remainder when 89533 is divided by 185?
178
What is the remainder when 2323 is divided by 426?
193
What is the remainder when 15944 is divided by 7947?
50
What is the remainder when 23506 is divided by 7637?
595
Calculate the remainder when 652986 is divided by 1216.
1210
What is the remainder when 11486 is divided by 132?
2
Calculate the remainder when 9283 is divided by 158.
119
What is the remainder when 50127 is divided by 1089?
33
What is the remainder when 2549 is divided by 319?
316
What is the remainder when 154045 is divided by 30802?
35
Calculate the remainder when 551 is divided by 3.
2
What is the remainder when 70699 is divided by 86?
7
Calculate the remainder when 21083 is divided by 441.
356
What is the remainder when 23433 is divided by 2579?
222
What is the remainder when 349174 is divided by 239?
234
What is the remainder when 12228 is divided by 528?
84
Calculate the remainder when 1893 is divided by 948.
945
What is the remainder when 14407 is divided by 232?
23
Calculate the remainder when 4341 is divided by 4331.
10
Calculate the remainder when 5288 is divided by 54.
50
What is the remainder when 846 is divided by 807?
39
What is the remainder when 1239 is divided by 361?
156
What is the remainder when 19339 is divided by 2411?
51
Calculate the remainder when 323 is divided by 125.
73
What is the remainder when 181630 is divided by 11?
9
What is the remainder when 261269 is divided by 163?
143
Calculate the remainder when 236517 is divided by 5498.
103
Calculate the remainder when 1537 is divided by 521.
495
What is the remainder when 70042 is divided by 1893?
1
Calculate the remainder when 3890 is divided by 1293.
11
Calculate the remainder when 142690 is divided by 33.
31
What is the remainder when 245852 is divided by 61460?
12
What is the remainder when 65191 is divided by 1516?
3
What is the remainder when 1750 is divided by 18?
4
What is the remainder when 204141 is divided by 102070?
1
What is the remainder when 10901 is divided by 80?
21
What is the remainder when 297 is divided by 173?
124
Calculate the remainder when 11629 is divided by 2315.
54
Calculate the remainder when 135089 is divided by 57.
56
What is the remainder when 1446 is divided by 534?
378
What is the remainder when 397078 is divided by 26470?
28
Calculate the remainder when 13495 is divided by 28.
27
Calculate the remainder when 66 is divided by 7.
3
Calculate the remainder when 7620087 is divided by 28.
27
What is the remainder when 4555 is divided by 353?
319
What is the remainder when 899 is divided by 893?
6
Calculate the remainder when 57146 is divided by 1002.
32
What is the remainder when 53396 is divided by 52?
44
Calculate the remainder when 1655 is divided by 542.
29
Calculate the remainder when 94415 is divided by 94407.
8
Calculate the remainder when 8775 is divided by 44.
19
What is the remainder when 18066 is divided by 69?
57
Calculate the remainder when 8554 is divided by 238.
224
Calculate the remainder when 5584 is divided by 87.
16
What is the remainder when 181883 is divided by 199?
196
What is the remainder when 506071 is divided by 71?
54
Calculate the remainder when 4691 is divided by 1241.
968
Calculate the remainder when 19441 is divided by 304.
289
Calculate the remainder when 10975 is divided by 289.
282
What is the remainder when 6347 is divided by 36?
11
What is the remainder when 1359 is divided by 85?
84
Calculate the remainder when 5972277 is divided by 8.
5
What is the remainder when 355969 is divided by 1854?
1
Calculate the remainder when 15922 is divided by 3110.
372
Calculate the remainder when 3312 is divided by 1640.
32
What is the remainder when 254761 is divided by 127380?
1
What is the remainder when 74409 is divided by 108?
105
What is the remainder when 176007 is divided by 11?
7
Calculate the remainder when 10621 is divided by 878.
85
What is the remainder when 43906 is divided by 44?
38
Calculate the remainder when 141723 is divided by 172.
167
Calculate the remainder when 3221 is divided by 511.
155
What is the remainder when 60367 is divided by 30079?
209
What is the remainder when 30514 is divided by 151?
12
Calculate the remainder when 4605 is divided by 765.
15
What is the remainder when 403784 is divided by 33?
29
Calculate the remainder when 51994 is divided by 667.
635
Calculate the remainder when 7353 is divided by 2378.
219
What is the remainder when 45328 is divided by 219?
214
What is the remainder when 322085 is divided by 107361?
2
What is the remainder when 12868 is divided by 1096?
812
Calculate the remainder when 51572 is divided by 912.
500
What is the remainder when 203500 is divided by 370?
0
What is the remainder when 28913 is divided by 112?
17
What is the remainder when 15490 is divided by 109?
12
Calculate the remainder when 6392 is divided by 114.
8
What is the remainder when 4494 is divided by 1840?
814
Calculate the remainder when 908295 is divided by 52.
11
Calculate the remainder when 6286 is divided by 1977.
355
What is the remainder when 61243 is divided by 125?
118
Calculate the remainder when 135525 is divided by 1158.
39
Calculate the remainder when 8936 is divided by 2971.
23
What is the remainder when 1522357 is divided by 20?
17
What is the remainder when 4263 is divided by 110?
83
Calculate the remainder when 594 is divided by 587.
7
What is the remainder when 1410332 is divided by 288?
284
What is the remainder when 249151 is divided by 54?
49
What is the remainder when 61 is divided by 47?
14
Calculate the remainder when 8282 is divided by 2732.
86
What is the remainder when 7714 is divided by 510?
64
Calculate the remainder when 24644 is divided by 329.
298
Calculate the remainder when 16431 is divided by 213.
30
What is the remainder when 4487 is divided by 198?
131
Calculate the remainder when 4527 is divided by 1762.
1003
Calculate the remainder when 300026 is divided by 214.
212
What is the remainder when 362 is divided by 118?
8
Calculate the remainder